)/(-415))/(l/(-6))).
83
What are the prime factors of ((-170184)/336)/((-2)/72)?
2, 3, 1013
Let n(p) = 73*p**2 + 40*p + 646. List the prime factors of n(21).
33679
Suppose 20*l = 15*l + 775. Let u = 186 + l. List the prime factors of u.
11, 31
Let s = 18 - 15. Suppose 3*g - 8 = -g + s*v, -4*g + 12 = -2*v. Suppose -566 = -5*l + q, -l + g*q = l - 208. List the prime factors of l.
2, 3, 19
Let f(i) = 287*i**2 - 2*i + 1. Let l be f(1). Suppose 972 = 7*y + l. List the prime factors of y.
2, 7
Let t = -174 - -177. Suppose 3*j + 142 = z, -2*j = -t*z + 284 + 170. What are the prime factors of z?
2, 7, 11
Suppose 5*y - 20847 = -5*z + 4*y, 0 = -3*z + 3*y + 12519. What are the prime factors of z?
2, 3, 5, 139
Let i(c) = -c - 2. Let k be i(-7). Suppose -w = -5*l + 389, -2*l - w - 233 = -k*l. Suppose -2*b + 4*s = -l, -5*b + 5*s = -308 + 93. List the prime factors of b.
47
Let h be ((-5400)/210)/(((-9)/(-14))/(-3)). What are the prime factors of h + (-6)/1 - 4?
2, 5, 11
Let i(m) = 40*m**2 - 144*m + 44. List the prime factors of i(-24).
2, 5, 1327
Suppose 5*t - 2*z = 57578, 2*t - 16709 = 4*z + 6303. What are the prime factors of t?
2, 13, 443
Suppose 0 = y + 169*g - 171*g - 21834, 0 = -3*y + 4*g + 65502. List the prime factors of y.
2, 3, 1213
Suppose 4*q + 2*h = -q + 5592, 3*q - 5*h - 3380 = 0. What are the prime factors of q?
2, 5, 7
Let u(p) = 60*p - 6. Suppose 0 = -5*q - 2*q + 259. Let j = q + -34. What are the prime factors of u(j)?
2, 3, 29
Let s be (-2 - 3 - 15)/(-3 + 1). Suppose 112 = -2*o + s*o. List the prime factors of (-4)/14 - (-74)/o.
5
Let v(r) = 70*r + 2 + 95*r**3 - 89*r**3 - 70*r - 18*r**2. List the prime factors of v(3).
2
Let q be (-1 - 10/(-6))*90. Let f = -51 + q. Suppose 122 = f*m - 7*m. What are the prime factors of m?
61
Let d be (3 + -1)/(4/8). Let k be (6/42 - 0)*0. Suppose -2*o - 4*n = -30, -3*n + k*n = -d*o + 82. List the prime factors of o.
19
Suppose -4*q - 6*q + 283290 = 9*q. List the prime factors of q.
2, 3, 5, 7, 71
List the prime factors of (-3)/(-1)*(-184630)/(-222).
5, 499
Suppose -167*v + 163*v = 3*g - 33064, -5*v = -4*g + 44106. What are the prime factors of g?
2, 13, 53
Let c(q) = 27*q**2 - 26*q - 152. List the prime factors of c(-13).
3, 1583
Let z(w) = 68*w**2 - 51*w - 3. Let o(y) = y**2 + 31*y - 70. Let g be o(-33). List the prime factors of z(g).
1289
List the prime factors of (-20064168)/(-324) - 154/(-99).
2, 7741
Suppose w = -4*h + 91, 5*w - h - 535 = -5*h. Suppose 95 = -w*o + 106*o. Let i = o - -36. What are the prime factors of i?
17
Let j(z) = -2 - 5*z + 94*z**2 - 44*z**2 - 51*z**2. Let r be j(-5). List the prime factors of -1*r/(544/(-274) - -2).
137
Let g(h) = -h**3 - 5*h**2 + 5. Let t be g(-5). Suppose t = 3*n - 19. Suppose 5*x = n*x - 186. What are the prime factors of x?
2, 31
Let q be (-5)/(-2)*(-2 + 60). Let p = 786 + -879. Let j = q + p. List the prime factors of j.
2, 13
Let n = -75 + 68. Let j(u) = -u**2 + 19*u + 17. Let o be j(n). List the prime factors of ((-165)/12)/(o/40 + 4).
2, 5, 11
Suppose 4238 = 30*y - 3562. Suppose y = -15*u + 2690. List the prime factors of u.
2, 3
What are the prime factors of (-12 + 4 + (-357)/(-42))/(1/22836)?
2, 3, 11, 173
Suppose 0*x = x - 12. Let c(b) = b - 3*b - 17 - x - 6*b. List the prime factors of c(-7).
3
Let w(t) = -2*t**2. Let z(f) = -7*f**2 - 2*f - 9. Let v(j) = 3*w(j) - z(j). What are the prime factors of v(7)?
2, 3
Let n = 10471 - 5795. List the prime factors of n.
2, 7, 167
Let g = 187 - 195. What are the prime factors of g/(-10) + 9012/60?
151
Suppose 5900 = 11*n - 4440. Suppose -4*f - n = -5*l + 11, 0 = -3*l - 3*f + 576. What are the prime factors of l?
191
Let h(v) = -v**3 - 36*v**2 - 47*v + 35. Let d(u) = 2*u**3 + 2*u**2 - u - 2. Let t be d(-3). What are the prime factors of h(t)?
5, 7, 13
Let d(y) = 8*y + 210. Let o be d(-26). Suppose 5*v - 7795 = -3*w, o*v - w - 4677 = -v. What are the prime factors of v?
1559
Let j = -51925 + 72712. List the prime factors of j.
3, 13, 41
Suppose 7*n - 89 = -299. Let k(c) = c**2 + 21*c + 64. What are the prime factors of k(n)?
2, 167
Suppose -2*r + 2510 = 3*d - 1642, -2*d + r + 2768 = 0. Let t = 2071 - d. List the prime factors of t.
3, 229
What are the prime factors of 3439156/16*2/14 + (-72)/(-32)?
7, 41, 107
Let x(k) = 7790*k - 1575. List the prime factors of x(6).
3, 5, 3011
What are the prime factors of (-1)/((-4 - -4) + 2/(-25084))?
2, 6271
List the prime factors of (-586)/(-3)*((-90)/75)/((-4)/435).
3, 29, 293
Let c(p) = -p**3 - 55*p**2 - 180*p - 433. What are the prime factors of c(-56)?
3, 4261
Suppose 0 = -15*a + 80*a + 135733 - 972478. List the prime factors of a.
3, 7, 613
Suppose -6851717 = -114*q - 2315315. List the prime factors of q.
13, 3061
Suppose 0*f + 829437 = 42*f - 1692621. List the prime factors of f.
11, 53, 103
Let g be -2 - 192/40 - (-2)/(-10). Let x(v) = -2*v**3 - 10*v**2 + 10*v + 15. List the prime factors of x(g).
3, 47
Let w = -2451 + 1355. Let o = w + 2096. List the prime factors of o.
2, 5
Suppose -3*j = 3*n + 3, -5*n = j - 1 - 10. Suppose n*d = 2*q + 1541, d - 3*q - 532 = -6*q. List the prime factors of d.
11, 47
Let m(r) = -236*r**2. Let q be m(-1). Suppose 98 - 2930 = 24*s. Let t = s - q. What are the prime factors of t?
2, 59
Suppose 27*m = 113*m - 2837828. What are the prime factors of m?
2, 7, 2357
Let o(w) = 7*w - 38. Let d be o(7). Let u(i) = -i**2 + 14*i - 29. Let x be u(d). Suppose -6*t + t - c = -927, 5*t - 917 = x*c. What are the prime factors of t?
5, 37
Let i(c) = -c**3 + 7*c**2 - 12*c + 13. Let m be i(11). Let r = m + 325. Let f = -197 - r. List the prime factors of f.
3
Let g be (4 + -3 + -15)*(1 + 3). Let z = -42 - g. List the prime factors of z/3*39/2.
7, 13
Suppose h = 5*o - 101275, -5*h + 81036 = 4*o - 9*h. What are the prime factors of o?
2, 13, 19, 41
Let c(d) = 2151*d + 80. What are the prime factors of c(3)?
47, 139
Let a = 14454 - 6808. List the prime factors of a.
2, 3823
Suppose -20*s = 5*s - 8025. Suppose -g + s - 6 = 0. List the prime factors of g.
3, 5, 7
Let j(s) = s**3 - 7*s**2 - 2*s + 13. Let m be j(7). Let b be (((-1 + 1)/(-3))/m)/1. Suppose 5*k - 2*k - 378 = b. What are the prime factors of k?
2, 3, 7
Let s(o) = -2*o**3 + 4*o**2 + 4*o. Let r be s(-3). Suppose 0 = -5*v - 179 - 121. Let f = v + r. What are the prime factors of f?
2, 3
Let p(f) be the second derivative of -f**5/20 + f**4/12 - f**3/2 + 358*f**2 - 116*f. What are the prime factors of p(0)?
2, 179
Let o(i) = 194*i - 1432. What are the prime factors of o(91)?
2, 8111
Let m = 2072 - -14983. What are the prime factors of m?
3, 5, 379
Suppose 5522*n - 5539*n = -79781. List the prime factors of n.
13, 19
Let i be (1 - -1) + 16 + 1076. Let r be i*(-3 + 0)/(-6). Suppose 2*w + 2*p - 358 = 0, 2*w - r = -w + 2*p. List the prime factors of w.
181
Let w = 7175 - 2803. List the prime factors of w.
2, 1093
List the prime factors of -5 + (-20)/(-140) + (-126144)/(-21).
2, 3001
Let h(l) = l**2 - 5*l - 3. Let p be h(6). Suppose p*t = -5*b - 5, -5*t - 2*b + 23 = 6. Suppose -67 = t*g - 10*g + o, -3*o + 23 = g. List the prime factors of g.
2, 7
Let n be (-3826)/22 + (-3)/33. Let g = n - -634. What are the prime factors of g?
2, 5, 23
Let i(j) = -11*j + 1. Let z(s) = -s. Let w = 26 + -27. Let r(a) = w*i(a) - 6*z(a). List the prime factors of r(1).
2
Suppose k - 4 - 2 = 5*b, 5*k = -4*b - 86. Let s(d) = -d**3 + 4*d**2 + d + 4. Let t be s(4). List the prime factors of ((-52)/t)/(2 + 29/k).
7, 13
Suppose 4 - 8 = -2*l. Suppose -3*w = -2*b - 6*w - 358, -l*b + 3*w = 334. Let a = -87 - b. What are the prime factors of a?
2, 43
Suppose -166*g + 1447388 = -2247274. What are the prime factors of g?
3, 2473
Suppose v = -3*v + 8. Suppose -2*b + 94 = v*s, 0 = -b - 2*s - s + 37. Suppose -5*n + 143 = -b. List the prime factors of n.
3, 13
Let x be 14/(-35)*3*(-20)/6. Suppose -m + 326 = 3*o, x*m = -0*m + 2*o + 1332. Let i = m + -191. List the prime factors of i.
3, 47
Let o = -1359 + 2575. List the prime factors of o.
2, 19
What are the prime factors of 159224/24 - (-33)/9?
2, 3319
Suppose 0 = -2*v + 2*f + 58, 0*f - 5*f + 107 = 4*v. Let n = v - 24. Suppose -10 = 2*w - 3*c - 118, 216 = n*w + c. What are the prime factors of w?
2, 3
What are the prime factors of (-11)/(-88) + 49/(-8) - (-17874)/3?
2, 3, 31
Let z = -49 - -